{"id":32,"date":"2023-01-15T21:17:55","date_gmt":"2023-01-15T21:17:55","guid":{"rendered":"https:\/\/www.taekwondo-sulzemoos.de\/website\/?page_id=32"},"modified":"2025-06-28T16:17:32","modified_gmt":"2025-06-28T16:17:32","slug":"impressum","status":"publish","type":"page","link":"https:\/\/www.taekwondo-sulzemoos.de\/website\/index.php\/sample-page\/impressum\/","title":{"rendered":"Impressum"},"content":{"rendered":"<div id=\"block-bartik-content\" class=\"block block-system block-system-main-block\">\n<div class=\"content\">\n<article class=\"node node--type-impressum node--promoted node--view-mode-full clearfix\" role=\"article\" data-history-node-id=\"3\">\n<header><\/header>\n<div class=\"node__content clearfix\">\n<div class=\"clearfix text-formatted field field--name-body field--type-text-with-summary field--label-hidden field__item\">\n<p><span style=\"color: #000000;\"><strong>Verantwortlich f\u00fcr diese Webseiten:<\/strong><\/span><\/p>\n<p><a href=\"https:\/\/www.taekwondo-sulzemoos.de\/website\/wp-login.php\" target=\"_blank\" rel=\"noopener\"><span style=\"color: #000000;\"><span style=\"font-family: comic sans ms, sans-serif;\"><em>Rolf Schwemmer<\/em><\/span><\/span><\/a><\/p>\n<p><span style=\"color: #000000;\">Abteilung Taekwondo des SV Sulzemoos \u00a0\u00a0 \u00a0\u00a0 \u00a0\u00a0 \u00a0<a style=\"color: #000000;\" href=\"https:\/\/www.svsulzemoos.de\" target=\"_blank\" rel=\"noopener\"><img decoding=\"async\" src=\"https:\/\/www.taekwondo-sulzemoos.de\/content\/sites\/default\/files\/inline-images\/logo%20sv%20sulzemoos.png\" alt=\"SV Sulzemoos e.V.\" data-entity-type=\"file\" data-entity-uuid=\"1aaece53-1fbe-41db-9953-6876d53e035c\" \/><\/a><\/span><\/p>\n<p><span style=\"color: #000000;\">M\u00f6rtlstr.6 , 85256 Sulzemoos<\/span><\/p>\n<p><span style=\"color: #000000;\">vorstand (at) taekwondo-sulzemoos.de<\/span><\/p>\n<p><strong>Abteilungsleitung:<\/strong><\/p>\n<table style=\"border-collapse: collapse; width: 100%;\">\n<tbody>\n<tr>\n<td style=\"width: 50%;\">1.Vorsitzende<\/td>\n<td style=\"width: 50%;\">B.Gleich<\/td>\n<\/tr>\n<tr>\n<td style=\"width: 50%;\">2.Vorsitzende<\/td>\n<td style=\"width: 50%;\">C.Mikl\u00f3s<\/td>\n<\/tr>\n<tr>\n<td style=\"width: 50%;\">Kassier<\/td>\n<td style=\"width: 50%;\">R.Schwemmer<\/td>\n<\/tr>\n<tr>\n<td style=\"width: 50%;\">Schriftf\u00fchrer<\/td>\n<td style=\"width: 50%;\">F.Meyer-Pundsack<\/td>\n<\/tr>\n<\/tbody>\n<\/table>\n<p>&nbsp;<\/p>\n<p>&nbsp;<\/p>\n<p><span style=\"color: #000000;\"><strong>Haftungsausschluss:<\/strong><\/span><\/p>\n<p><span style=\"color: #000000;\"><strong>Haftung f\u00fcr Inhalte<\/strong><\/span><br \/>\n<span style=\"color: #000000;\">Die Inhalte unserer Seiten wurden mit gr\u00f6\u00dfter Sorgfalt erstellt. F\u00fcr die Richtigkeit, Vollst\u00e4ndigkeit und Aktualit\u00e4t der Inhalte k\u00f6nnen wir jedoch keine Gew\u00e4hr \u00fcbernehmen.<\/span><\/p>\n<p><span style=\"color: #000000;\"><strong>Haftung f\u00fcr Links<\/strong><\/span><br \/>\n<span style=\"color: #000000;\">Unser Angebot enth\u00e4lt ggf. Links zu externen Webseiten Dritter, auf deren Inhalte wir keinen Einfluss haben. Deshalb k\u00f6nnen wir f\u00fcr diese fremden Inhalte auch keine Gew\u00e4hr \u00fcbernehmen. F\u00fcr die Inhalte der verlinkten Seiten ist stets der jeweilige Anbieter oder Betreiber der Seiten verantwortlich. Die verlinkten Seiten wurden zum Zeitpunkt der Verlinkung auf m\u00f6gliche Rechtsverst\u00f6\u00dfe \u00fcberpr\u00fcft. Rechtswidrige Inhalte waren zum Zeitpunkt der Verlinkung nicht erkennbar. Eine permanente inhaltliche Kontrolle der verlinkten Seiten ist jedoch ohne konkrete Anhaltspunkte einer Rechtsverletzung nicht zumutbar. Bei Bekanntwerden von Rechtsverletzungen werden wir derartige Links umgehend entfernen.<\/span><\/p>\n<p><span style=\"color: #000000;\"><strong>Urheberrecht:<\/strong><\/span><br \/>\n<span style=\"color: #000000;\">Die durch die Seitenbetreiber erstellten Inhalte und Werke auf diesen Seiten unterliegen dem deutschen Urheberrecht. Die Vervielf\u00e4ltigung, Bearbeitung, Verbreitung und jede Art der Verwertung au\u00dferhalb der Grenzen des Urheberrechtes bed\u00fcrfen der schriftlichen Zustimmung des jeweiligen Autors bzw. Erstellers. Downloads und Kopien dieser Seite sind nur f\u00fcr den privaten, nicht kommerziellen Gebrauch gestattet. Soweit die Inhalte auf dieser Seite nicht vom Betreiber erstellt wurden, werden die Urheberrechte Dritter beachtet. Insbesondere werden Inhalte Dritter als solche gekennzeichnet. Sollten Sie trotzdem auf eine Urheberrechtsverletzung aufmerksam werden, bitten wir um einen entsprechenden Hinweis. Bei Bekanntwerden von Rechtsverletzungen werden wir derartige Inhalte umgehend entfernen.<\/span><\/p>\n<p>&nbsp;<\/p>\n<p><span style=\"color: #000000;\"><strong>Datenschutzerkl\u00e4rung:<\/strong><\/span><\/p>\n<p><span style=\"color: #000000;\">Es werden von unserer Seite keinerlei Daten der Besucher erfasst. Es gilt die Datenschutzerkl\u00e4rung unseres Webserverbetreiber <a style=\"color: #000000;\" href=\"https:\/\/www.dachau.net\">B\u00fcrgernetz Dachau e.V. (https:\/\/www.dachau.net)<\/a>.<\/span><\/p>\n<\/div>\n<\/div>\n<\/article>\n<\/div>\n<\/div>\n","protected":false},"excerpt":{"rendered":"<p>Verantwortlich f\u00fcr diese Webseiten: Rolf Schwemmer Abteilung Taekwondo des SV Sulzemoos \u00a0\u00a0 \u00a0\u00a0 \u00a0\u00a0 \u00a0 M\u00f6rtlstr.6 , 85256 Sulzemoos vorstand (at) taekwondo-sulzemoos.de Abteilungsleitung: 1.Vorsitzende B.Gleich 2.Vorsitzende C.Mikl\u00f3s Kassier R.Schwemmer Schriftf\u00fchrer F.Meyer-Pundsack &nbsp; &nbsp; Haftungsausschluss: Haftung f\u00fcr Inhalte Die Inhalte unserer Seiten wurden mit gr\u00f6\u00dfter Sorgfalt erstellt. F\u00fcr die Richtigkeit, Vollst\u00e4ndigkeit und Aktualit\u00e4t der Inhalte k\u00f6nnen [&hellip;]<\/p>\n","protected":false},"author":1,"featured_media":640,"parent":2,"menu_order":0,"comment_status":"closed","ping_status":"closed","template":"","meta":{"footnotes":""},"class_list":["post-32","page","type-page","status-publish","has-post-thumbnail","hentry"],"_links":{"self":[{"href":"https:\/\/www.taekwondo-sulzemoos.de\/website\/index.php\/wp-json\/wp\/v2\/pages\/32","targetHints":{"allow":["GET"]}}],"collection":[{"href":"https:\/\/www.taekwondo-sulzemoos.de\/website\/index.php\/wp-json\/wp\/v2\/pages"}],"about":[{"href":"https:\/\/www.taekwondo-sulzemoos.de\/website\/index.php\/wp-json\/wp\/v2\/types\/page"}],"author":[{"embeddable":true,"href":"https:\/\/www.taekwondo-sulzemoos.de\/website\/index.php\/wp-json\/wp\/v2\/users\/1"}],"replies":[{"embeddable":true,"href":"https:\/\/www.taekwondo-sulzemoos.de\/website\/index.php\/wp-json\/wp\/v2\/comments?post=32"}],"version-history":[{"count":11,"href":"https:\/\/www.taekwondo-sulzemoos.de\/website\/index.php\/wp-json\/wp\/v2\/pages\/32\/revisions"}],"predecessor-version":[{"id":596,"href":"https:\/\/www.taekwondo-sulzemoos.de\/website\/index.php\/wp-json\/wp\/v2\/pages\/32\/revisions\/596"}],"up":[{"embeddable":true,"href":"https:\/\/www.taekwondo-sulzemoos.de\/website\/index.php\/wp-json\/wp\/v2\/pages\/2"}],"wp:featuredmedia":[{"embeddable":true,"href":"https:\/\/www.taekwondo-sulzemoos.de\/website\/index.php\/wp-json\/wp\/v2\/media\/640"}],"wp:attachment":[{"href":"https:\/\/www.taekwondo-sulzemoos.de\/website\/index.php\/wp-json\/wp\/v2\/media?parent=32"}],"curies":[{"name":"wp","href":"https:\/\/api.w.org\/{rel}","templated":true}]}}

<div id="block-bartik-content" class="block block-system block-system-main-block">
<div class="content">
<article class="node node--type-impressum node--promoted node--view-mode-full clearfix" role="article" data-history-node-id="3">
<header></header>
<div class="node__content clearfix">
<div class="clearfix text-formatted field field--name-body field--type-text-with-summary field--label-hidden field__item">
<p><span style="color: #000000;"><strong>Verantwortlich für diese Webseiten:</strong></span></p>
<p><a href="https://www.taekwondo-sulzemoos.de/website/wp-login.php" target="_blank" rel="noopener"><span style="color: #000000;"><span style="font-family: comic sans ms, sans-serif;"><em>Rolf Schwemmer</em></span></span></a></p>
<p><span style="color: #000000;">Abteilung Taekwondo des SV Sulzemoos           <a style="color: #000000;" href="https://www.svsulzemoos.de" target="_blank" rel="noopener"><img decoding="async" src="https://www.taekwondo-sulzemoos.de/content/sites/default/files/inline-images/logo%20sv%20sulzemoos.png" alt="SV Sulzemoos e.V." data-entity-type="file" data-entity-uuid="1aaece53-1fbe-41db-9953-6876d53e035c" /></a></span></p>
<p><span style="color: #000000;">Mörtlstr.6 , 85256 Sulzemoos</span></p>
<p><span style="color: #000000;">vorstand (at) taekwondo-sulzemoos.de</span></p>
<p><strong>Abteilungsleitung:</strong></p>
<table style="border-collapse: collapse; width: 100%;">
<tbody>
<tr>
<td style="width: 50%;">1.Vorsitzende</td>
<td style="width: 50%;">B.Gleich</td>
</tr>
<tr>
<td style="width: 50%;">2.Vorsitzende</td>
<td style="width: 50%;">C.Miklós</td>
</tr>
<tr>
<td style="width: 50%;">Kassier</td>
<td style="width: 50%;">R.Schwemmer</td>
</tr>
<tr>
<td style="width: 50%;">Schriftführer</td>
<td style="width: 50%;">F.Meyer-Pundsack</td>
</tr>
</tbody>
</table>
<p>&nbsp;</p>
<p>&nbsp;</p>
<p><span style="color: #000000;"><strong>Haftungsausschluss:</strong></span></p>
<p><span style="color: #000000;"><strong>Haftung für Inhalte</strong></span><br />
<span style="color: #000000;">Die Inhalte unserer Seiten wurden mit größter Sorgfalt erstellt. Für die Richtigkeit, Vollständigkeit und Aktualität der Inhalte können wir jedoch keine Gewähr übernehmen.</span></p>
<p><span style="color: #000000;"><strong>Haftung für Links</strong></span><br />
<span style="color: #000000;">Unser Angebot enthält ggf. Links zu externen Webseiten Dritter, auf deren Inhalte wir keinen Einfluss haben. Deshalb können wir für diese fremden Inhalte auch keine Gewähr übernehmen. Für die Inhalte der verlinkten Seiten ist stets der jeweilige Anbieter oder Betreiber der Seiten verantwortlich. Die verlinkten Seiten wurden zum Zeitpunkt der Verlinkung auf mögliche Rechtsverstöße überprüft. Rechtswidrige Inhalte waren zum Zeitpunkt der Verlinkung nicht erkennbar. Eine permanente inhaltliche Kontrolle der verlinkten Seiten ist jedoch ohne konkrete Anhaltspunkte einer Rechtsverletzung nicht zumutbar. Bei Bekanntwerden von Rechtsverletzungen werden wir derartige Links umgehend entfernen.</span></p>
<p><span style="color: #000000;"><strong>Urheberrecht:</strong></span><br />
<span style="color: #000000;">Die durch die Seitenbetreiber erstellten Inhalte und Werke auf diesen Seiten unterliegen dem deutschen Urheberrecht. Die Vervielfältigung, Bearbeitung, Verbreitung und jede Art der Verwertung außerhalb der Grenzen des Urheberrechtes bedürfen der schriftlichen Zustimmung des jeweiligen Autors bzw. Erstellers. Downloads und Kopien dieser Seite sind nur für den privaten, nicht kommerziellen Gebrauch gestattet. Soweit die Inhalte auf dieser Seite nicht vom Betreiber erstellt wurden, werden die Urheberrechte Dritter beachtet. Insbesondere werden Inhalte Dritter als solche gekennzeichnet. Sollten Sie trotzdem auf eine Urheberrechtsverletzung aufmerksam werden, bitten wir um einen entsprechenden Hinweis. Bei Bekanntwerden von Rechtsverletzungen werden wir derartige Inhalte umgehend entfernen.</span></p>
<p>&nbsp;</p>
<p><span style="color: #000000;"><strong>Datenschutzerklärung:</strong></span></p>
<p><span style="color: #000000;">Es werden von unserer Seite keinerlei Daten der Besucher erfasst. Es gilt die Datenschutzerklärung unseres Webserverbetreiber <a style="color: #000000;" href="https://www.dachau.net">Bürgernetz Dachau e.V. (https://www.dachau.net)</a>.</span></p>
</div>
</div>
</article>
</div>
</div>

<p>Verantwortlich für diese Webseiten: Rolf Schwemmer Abteilung Taekwondo des SV Sulzemoos            Mörtlstr.6 , 85256 Sulzemoos vorstand (at) taekwondo-sulzemoos.de Abteilungsleitung: 1.Vorsitzende B.Gleich 2.Vorsitzende C.Miklós Kassier R.Schwemmer Schriftführer F.Meyer-Pundsack &nbsp; &nbsp; Haftungsausschluss: Haftung für Inhalte Die Inhalte unserer Seiten wurden mit größter Sorgfalt erstellt. Für die Richtigkeit, Vollständigkeit und Aktualität der Inhalte können [&hellip;]</p>
