{"id":372,"date":"2024-02-12T17:29:01","date_gmt":"2024-02-12T17:29:01","guid":{"rendered":"https:\/\/www.taekwondo-sulzemoos.de\/website\/?page_id=372"},"modified":"2026-04-15T19:38:06","modified_gmt":"2026-04-15T19:38:06","slug":"termine","status":"publish","type":"page","link":"https:\/\/www.taekwondo-sulzemoos.de\/website\/index.php\/termine\/","title":{"rendered":"Termine"},"content":{"rendered":"<h3><strong><span style=\"color: #ffa700; height: 46px;\"> Abteilungsevents<\/span><\/strong><\/h3>\n<table style=\"height: 104px; width: 100%; border-collapse: separate; border-color: #000000; background-color: #b3b3b3; border-style: solid;\" border=\"3px\">\n<thead>\n<tr style=\"background-color: #ffff00; border-color: #000000;\">\n<td style=\"width: 33.3333%; height: 26px; background-color: #ffff00; border-style: solid; border-color: #000000;\"><span style=\"color: #ff0000;\"><strong>Termin<\/strong><\/span><\/td>\n<td style=\"width: 33.3333%; height: 26px; background-color: #ffff00; border-style: solid; border-color: #000000;\"><span style=\"color: #ff0000;\"><strong>Veranstaltung<\/strong><\/span><\/td>\n<td style=\"width: 33.3333%; height: 26px; background-color: #ffff00; border-style: solid; border-color: #000000;\"><span style=\"color: #ff0000;\"><strong>Details<\/strong><\/span><\/td>\n<\/tr>\n<\/thead>\n<tbody>\n<tr style=\"border-style: solid; border-color: #000000;\">\n<td style=\"width: 33.3333%; vertical-align: middle; height: 26px; background-color: #e9e9e9; border-style: solid; border-color: #000000;\"><del><span style=\"color: #000000;\">Sa. 18.4 16:00<\/span><\/del><\/td>\n<td style=\"width: 33.3333%; vertical-align: middle; height: 26px; background-color: #e9e9e9; border-style: solid; border-color: #000000;\"><del><span style=\"color: #000000;\">Firebirds GetTogether<\/span><\/del><\/td>\n<td style=\"width: 33.3333%; vertical-align: middle; height: 26px; background-color: #e9e9e9; border-style: solid; border-color: #000000;\"><del><span style=\"color: #000000;\">s. Email<\/span><\/del><\/td>\n<\/tr>\n<tr style=\"border-style: solid; border-color: #000000;\">\n<td style=\"width: 33.3333%; vertical-align: middle; height: 26px; border-style: solid; border-color: #000000; background-color: #e3dcdc;\">Fr. 24.4 20:00<\/td>\n<td style=\"width: 33.3333%; vertical-align: middle; height: 26px; border-style: solid; border-color: #000000; background-color: #e3dcdc;\"><span style=\"color: #000000;\">Panthers GetTogether<\/span><\/td>\n<td style=\"width: 33.3333%; vertical-align: middle; height: 26px; border-style: solid; border-color: #000000; background-color: #e3dcdc;\">s. Email<\/td>\n<\/tr>\n<tr style=\"border-style: solid; border-color: #000000;\">\n<td style=\"width: 33.3333%; vertical-align: middle; height: 26px; background-color: #e9e9e9; border-style: solid; border-color: #000000;\">Fr. 26.6 20:00<\/td>\n<td style=\"width: 33.3333%; vertical-align: middle; height: 26px; background-color: #e9e9e9; border-style: solid; border-color: #000000;\"><span style=\"color: #000000;\">Panthers GetTogether<\/span><\/td>\n<td style=\"width: 33.3333%; vertical-align: middle; height: 26px; background-color: #e9e9e9; border-style: solid; border-color: #000000;\">s. Email<\/td>\n<\/tr>\n<\/tbody>\n<\/table>\n<h3><span style=\"color: #ffa700;\"><strong>Taekwondo-Termine<\/strong><\/span><\/h3>\n<table class=\"alignleft\" style=\"border-collapse: separate; border-color: #000000; border-style: solid; background-color: #ffffff;\" border=\"3px\">\n<thead>\n<tr style=\"border-style: solid; border-color: #000000; background-color: #ffff00;\">\n<td style=\"width: 33.3148%; background-color: #ffff00; height: 26px; border-style: solid; border-color: #000000;\"><span style=\"color: #ff0000;\"><strong>Termin<\/strong><\/span><\/td>\n<td style=\"width: 16.6852%; background-color: #ffff00; height: 26px; border-style: solid; border-color: #000000;\"><span style=\"color: #ff0000;\"><strong>Veranstaltung<\/strong><\/span><\/td>\n<td style=\"width: 15%; background-color: #ffff00; height: 26px; border-style: solid; border-color: #000000;\"><span style=\"color: #ff0000;\"><strong>Ort<\/strong><\/span><\/td>\n<td style=\"width: 29.3104%; background-color: #ffff00; height: 26px; border-style: solid; border-color: #000000;\"><span style=\"color: #ff0000;\"><strong>Details<\/strong><\/span><\/td>\n<\/tr>\n<\/thead>\n<tbody>\n<tr style=\"height: 53px; border-style: solid; border-color: #000000; background-color: #e3dcdc;\">\n<td style=\"width: 33.3148%; height: 53px; border-style: solid; border-color: #000000; background-color: #e3dcdc;\"><span style=\"color: #000000;\">Sa. 11.4.26 15:00-17:30<\/span><\/td>\n<td style=\"width: 16.6852%; height: 53px; border-style: solid; border-color: #000000; background-color: #e3dcdc;\"><span style=\"color: #000000;\">ITO Dan-Vorbereitungsseminar<\/span><\/td>\n<td style=\"width: 15%; height: 53px; border-style: solid; border-color: #000000; background-color: #e3dcdc;\"><span style=\"color: #000000;\">Dojan Sulzemoos<\/span>;<\/td>\n<td style=\"width: 29.3104%; height: 53px; border-style: solid; border-color: #000000; background-color: #e3dcdc;\">&#8211;<\/td>\n<\/tr>\n<tr>\n<td style=\"width: 33.3148%; background-color: #e9e9e9; border-style: solid; border-color: #000000;\"><span style=\"color: #000000;\">Sa. 18.4<\/span><\/td>\n<td style=\"width: 16.6852%; background-color: #e9e9e9; border-style: solid; border-color: #000000;\"><span style=\"color: #000000;\">RedTigers Sondertraining in Gruppen<\/span><\/td>\n<td style=\"width: 15%; background-color: #e9e9e9; border-style: solid; border-color: #000000;\"><\/td>\n<td style=\"width: 29.3104%; background-color: #e9e9e9; border-style: solid; border-color: #000000;\"><span style=\"color: #000000;\">s. Email<\/span><\/td>\n<\/tr>\n<tr style=\"height: 53px;\">\n<td style=\"width: 33.3148%; background-color: #e3dcdc; height: 53px; border-style: solid; border-color: #000000;\"><del><span style=\"color: #000000;\">Sa. 18.4 14:00-15:30<\/span><\/del><\/td>\n<td style=\"width: 16.6852%; background-color: #e3dcdc; height: 53px; border-style: solid; border-color: #000000;\"><del><span style=\"color: #000000;\">Firebirds Sondertraining<\/span><\/del><\/td>\n<td style=\"width: 15%; background-color: #e3dcdc; height: 53px; border-style: solid; border-color: #000000;\"><\/td>\n<td style=\"width: 29.3104%; background-color: #e3dcdc; height: 53px; border-style: solid; border-color: #000000;\"><del><span style=\"color: #000000;\">s. Email<\/span><\/del><\/td>\n<\/tr>\n<tr>\n<td style=\"width: 33.3148%; background-color: #e9e9e9; border-style: solid; border-color: #000000;\"><span style=\"color: #000000;\">\u00a0<\/span><\/td>\n<td style=\"width: 16.6852%; background-color: #e9e9e9; border-style: solid; border-color: #000000;\"><span style=\"color: #000000;\">\u00a0<\/span><\/td>\n<td style=\"width: 15%; background-color: #e9e9e9; border-style: solid; border-color: #000000;\"><\/td>\n<td style=\"width: 29.3104%; background-color: #e9e9e9; border-style: solid; border-color: #000000;\"><span style=\"color: #000000;\">\u00a0<\/span><\/td>\n<\/tr>\n<tr style=\"height: 26px;\">\n<td style=\"width: 33.3148%; height: 26px; border-style: solid; border-color: #000000; background-color: #e3dcdc;\"><span style=\"color: #000000;\">Sa. 16.5.26 11:00-13:00<\/span><\/td>\n<td style=\"width: 16.6852%; height: 26px; border-style: solid; border-color: #000000; background-color: #e3dcdc;\"><span style=\"color: #000000;\">ITO G\u00fcrtelpr\u00fcfung f\u00fcr Firebirds und Panthers<\/span><\/td>\n<td style=\"width: 15%; height: 26px; border-style: solid; border-color: #000000; background-color: #e3dcdc;\"><span style=\"color: #000000;\">Turnhalle Sulzemoos<\/span><\/td>\n<td style=\"width: 29.3104%; height: 26px; border-style: solid; border-color: #000000; background-color: #e3dcdc;\">&#8211;<\/td>\n<\/tr>\n<tr style=\"height: 53px;\">\n<td style=\"width: 33.3148%; background-color: #e9e9e9; height: 53px; border-style: solid; border-color: #000000;\"><span style=\"color: #000000;\">Sa. 16.5.26 15:00-17:30<\/span><\/td>\n<td style=\"width: 16.6852%; background-color: #e9e9e9; height: 53px; border-style: solid; border-color: #000000;\"><span style=\"color: #000000;\">ITO Dan-Vorbereitungsseminar<\/span><\/td>\n<td style=\"width: 15%; background-color: #e9e9e9; height: 53px; border-style: solid; border-color: #000000;\"><span style=\"color: #000000;\">Dojan Sulzemoos<\/span><\/td>\n<td style=\"width: 29.3104%; background-color: #e9e9e9; height: 53px; border-style: solid; border-color: #000000;\">&#8211;<\/td>\n<\/tr>\n<tr style=\"height: 79px;\">\n<td style=\"width: 33.3148%; height: 79px; border-style: solid; border-color: #000000; background-color: #e3dcdc;\"><span style=\"color: #000000;\">Sa.23.5.26<\/span><\/td>\n<td style=\"width: 16.6852%; height: 79px; border-style: solid; border-color: #000000; background-color: #e3dcdc;\"><span style=\"color: #000000;\">Westfalencup<\/span><\/td>\n<td style=\"width: 15%; height: 79px; border-style: solid; border-color: #000000; background-color: #e3dcdc;\"><span style=\"color: #000000;\">Saerbeck (N\u00f6rdl.von M\u00fcnster)<\/span><\/td>\n<td style=\"width: 29.3104%; height: 79px; border-style: solid; border-color: #000000; background-color: #e3dcdc;\"><\/td>\n<\/tr>\n<tr style=\"height: 51px;\">\n<td style=\"width: 33.3148%; height: 16px; background-color: #e9e9e9; border-style: solid; border-color: #000000;\"><span style=\"color: #000000;\">Sa. 20.6.26<\/span><\/td>\n<td style=\"width: 16.6852%; height: 16px; background-color: #e9e9e9; border-style: solid; border-color: #000000;\"><span style=\"color: #000000;\">Dan- und Kup-Pr\u00fcfung<\/span><\/td>\n<td style=\"width: 15%; height: 16px; background-color: #e9e9e9; border-style: solid; border-color: #000000;\"><span style=\"color: #000000;\">Diemelstadt<\/span><\/td>\n<td style=\"width: 29.3104%; height: 16px; background-color: #e9e9e9; border-style: solid; border-color: #000000;\">&#8211;<\/td>\n<\/tr>\n<tr style=\"height: 53px;\">\n<td style=\"width: 33.3148%; height: 79px; border-style: solid; border-color: #000000; background-color: #e3dcdc;\"><span style=\"color: #000000;\">Do. 30.7.26<\/span><\/td>\n<td style=\"width: 16.6852%; height: 79px; border-style: solid; border-color: #000000; background-color: #e3dcdc;\"><span style=\"color: #000000;\">RedTigers G\u00fcrtelpr\u00fcfung<\/span><\/td>\n<td style=\"width: 15%; height: 79px; border-style: solid; border-color: #000000; background-color: #e3dcdc;\"><span style=\"color: #000000;\">Dojan<\/span><\/td>\n<td style=\"width: 29.3104%; height: 79px; border-style: solid; border-color: #000000; background-color: #e3dcdc;\">&#8211;<\/td>\n<\/tr>\n<tr style=\"height: 26px;\">\n<td style=\"width: 33.3148%; background-color: #e9e9e9; height: 26px; border-style: solid; border-color: #000000;\"><span style=\"color: #000000;\">Sa. 26.9.26<\/span><\/td>\n<td style=\"width: 16.6852%; background-color: #e9e9e9; height: 26px; border-style: solid; border-color: #000000;\"><span style=\"color: #000000;\">ITO German Trophy\u00a0<\/span><\/td>\n<td style=\"width: 15%; background-color: #e9e9e9; height: 26px; border-style: solid; border-color: #000000;\"><span style=\"color: #000000;\">Marsberg<\/span><\/td>\n<td style=\"width: 29.3104%; background-color: #e9e9e9; height: 26px; border-style: solid; border-color: #000000;\"><span style=\"color: #000000;\">(Infos folgen)<\/span><\/td>\n<\/tr>\n<tr style=\"height: 26px;\">\n<td style=\"width: 33.3148%; height: 26px; border-style: solid; border-color: #000000; background-color: #e3dcdc;\"><span style=\"color: #000000;\">Sa. 5.12.26<\/span><\/td>\n<td style=\"width: 16.6852%; height: 26px; border-style: solid; border-color: #000000; background-color: #e3dcdc;\"><span style=\"color: #000000;\">Kup- und Dan-Pr\u00fcfung\u00a0<\/span><\/td>\n<td style=\"width: 15%; height: 26px; border-style: solid; border-color: #000000; background-color: #e3dcdc;\"><span style=\"color: #000000;\">Diemelstadt<\/span><\/td>\n<td style=\"width: 29.3104%; height: 26px; border-style: solid; border-color: #000000; background-color: #e3dcdc;\">&#8211;<\/td>\n<\/tr>\n<\/tbody>\n<\/table>\n<p>&nbsp;<\/p>\n<p>&nbsp;<\/p>\n<p><!-- ------------------------------------------------------ --><br \/>\n<!--Seitenende-------------------------------------------><br \/>\n<!-- ------------------------------------------------------ --><\/p>\n","protected":false},"excerpt":{"rendered":"<p>Abteilungsevents Termin Veranstaltung Details Sa. 18.4 16:00 Firebirds GetTogether s. Email Fr. 24.4 20:00 Panthers GetTogether s. Email Fr. 26.6 20:00 Panthers GetTogether s. Email Taekwondo-Termine Termin Veranstaltung Ort Details Sa. 11.4.26 15:00-17:30 ITO Dan-Vorbereitungsseminar Dojan Sulzemoos; &#8211; Sa. 18.4 RedTigers Sondertraining in Gruppen s. Email Sa. 18.4 14:00-15:30 Firebirds Sondertraining s. Email \u00a0 \u00a0 [&hellip;]<\/p>\n","protected":false},"author":2,"featured_media":578,"parent":0,"menu_order":0,"comment_status":"closed","ping_status":"closed","template":"","meta":{"footnotes":""},"class_list":["post-372","page","type-page","status-publish","has-post-thumbnail","hentry"],"_links":{"self":[{"href":"https:\/\/www.taekwondo-sulzemoos.de\/website\/index.php\/wp-json\/wp\/v2\/pages\/372","targetHints":{"allow":["GET"]}}],"collection":[{"href":"https:\/\/www.taekwondo-sulzemoos.de\/website\/index.php\/wp-json\/wp\/v2\/pages"}],"about":[{"href":"https:\/\/www.taekwondo-sulzemoos.de\/website\/index.php\/wp-json\/wp\/v2\/types\/page"}],"author":[{"embeddable":true,"href":"https:\/\/www.taekwondo-sulzemoos.de\/website\/index.php\/wp-json\/wp\/v2\/users\/2"}],"replies":[{"embeddable":true,"href":"https:\/\/www.taekwondo-sulzemoos.de\/website\/index.php\/wp-json\/wp\/v2\/comments?post=372"}],"version-history":[{"count":112,"href":"https:\/\/www.taekwondo-sulzemoos.de\/website\/index.php\/wp-json\/wp\/v2\/pages\/372\/revisions"}],"predecessor-version":[{"id":1087,"href":"https:\/\/www.taekwondo-sulzemoos.de\/website\/index.php\/wp-json\/wp\/v2\/pages\/372\/revisions\/1087"}],"wp:featuredmedia":[{"embeddable":true,"href":"https:\/\/www.taekwondo-sulzemoos.de\/website\/index.php\/wp-json\/wp\/v2\/media\/578"}],"wp:attachment":[{"href":"https:\/\/www.taekwondo-sulzemoos.de\/website\/index.php\/wp-json\/wp\/v2\/media?parent=372"}],"curies":[{"name":"wp","href":"https:\/\/api.w.org\/{rel}","templated":true}]}}

<h3><strong><span style="color: #ffa700; height: 46px;"> Abteilungsevents</span></strong></h3>
<table style="height: 104px; width: 100%; border-collapse: separate; border-color: #000000; background-color: #b3b3b3; border-style: solid;" border="3px">
<thead>
<tr style="background-color: #ffff00; border-color: #000000;">
<td style="width: 33.3333%; height: 26px; background-color: #ffff00; border-style: solid; border-color: #000000;"><span style="color: #ff0000;"><strong>Termin</strong></span></td>
<td style="width: 33.3333%; height: 26px; background-color: #ffff00; border-style: solid; border-color: #000000;"><span style="color: #ff0000;"><strong>Veranstaltung</strong></span></td>
<td style="width: 33.3333%; height: 26px; background-color: #ffff00; border-style: solid; border-color: #000000;"><span style="color: #ff0000;"><strong>Details</strong></span></td>
</tr>
</thead>
<tbody>
<tr style="border-style: solid; border-color: #000000;">
<td style="width: 33.3333%; vertical-align: middle; height: 26px; background-color: #e9e9e9; border-style: solid; border-color: #000000;"><del><span style="color: #000000;">Sa. 18.4 16:00</span></del></td>
<td style="width: 33.3333%; vertical-align: middle; height: 26px; background-color: #e9e9e9; border-style: solid; border-color: #000000;"><del><span style="color: #000000;">Firebirds GetTogether</span></del></td>
<td style="width: 33.3333%; vertical-align: middle; height: 26px; background-color: #e9e9e9; border-style: solid; border-color: #000000;"><del><span style="color: #000000;">s. Email</span></del></td>
</tr>
<tr style="border-style: solid; border-color: #000000;">
<td style="width: 33.3333%; vertical-align: middle; height: 26px; border-style: solid; border-color: #000000; background-color: #e3dcdc;">Fr. 24.4 20:00</td>
<td style="width: 33.3333%; vertical-align: middle; height: 26px; border-style: solid; border-color: #000000; background-color: #e3dcdc;"><span style="color: #000000;">Panthers GetTogether</span></td>
<td style="width: 33.3333%; vertical-align: middle; height: 26px; border-style: solid; border-color: #000000; background-color: #e3dcdc;">s. Email</td>
</tr>
<tr style="border-style: solid; border-color: #000000;">
<td style="width: 33.3333%; vertical-align: middle; height: 26px; background-color: #e9e9e9; border-style: solid; border-color: #000000;">Fr. 26.6 20:00</td>
<td style="width: 33.3333%; vertical-align: middle; height: 26px; background-color: #e9e9e9; border-style: solid; border-color: #000000;"><span style="color: #000000;">Panthers GetTogether</span></td>
<td style="width: 33.3333%; vertical-align: middle; height: 26px; background-color: #e9e9e9; border-style: solid; border-color: #000000;">s. Email</td>
</tr>
</tbody>
</table>
<h3><span style="color: #ffa700;"><strong>Taekwondo-Termine</strong></span></h3>
<table class="alignleft" style="border-collapse: separate; border-color: #000000; border-style: solid; background-color: #ffffff;" border="3px">
<thead>
<tr style="border-style: solid; border-color: #000000; background-color: #ffff00;">
<td style="width: 33.3148%; background-color: #ffff00; height: 26px; border-style: solid; border-color: #000000;"><span style="color: #ff0000;"><strong>Termin</strong></span></td>
<td style="width: 16.6852%; background-color: #ffff00; height: 26px; border-style: solid; border-color: #000000;"><span style="color: #ff0000;"><strong>Veranstaltung</strong></span></td>
<td style="width: 15%; background-color: #ffff00; height: 26px; border-style: solid; border-color: #000000;"><span style="color: #ff0000;"><strong>Ort</strong></span></td>
<td style="width: 29.3104%; background-color: #ffff00; height: 26px; border-style: solid; border-color: #000000;"><span style="color: #ff0000;"><strong>Details</strong></span></td>
</tr>
</thead>
<tbody>
<tr style="height: 53px; border-style: solid; border-color: #000000; background-color: #e3dcdc;">
<td style="width: 33.3148%; height: 53px; border-style: solid; border-color: #000000; background-color: #e3dcdc;"><span style="color: #000000;">Sa. 11.4.26 15:00-17:30</span></td>
<td style="width: 16.6852%; height: 53px; border-style: solid; border-color: #000000; background-color: #e3dcdc;"><span style="color: #000000;">ITO Dan-Vorbereitungsseminar</span></td>
<td style="width: 15%; height: 53px; border-style: solid; border-color: #000000; background-color: #e3dcdc;"><span style="color: #000000;">Dojan Sulzemoos</span>;</td>
<td style="width: 29.3104%; height: 53px; border-style: solid; border-color: #000000; background-color: #e3dcdc;">&#8211;</td>
</tr>
<tr>
<td style="width: 33.3148%; background-color: #e9e9e9; border-style: solid; border-color: #000000;"><span style="color: #000000;">Sa. 18.4</span></td>
<td style="width: 16.6852%; background-color: #e9e9e9; border-style: solid; border-color: #000000;"><span style="color: #000000;">RedTigers Sondertraining in Gruppen</span></td>
<td style="width: 15%; background-color: #e9e9e9; border-style: solid; border-color: #000000;"></td>
<td style="width: 29.3104%; background-color: #e9e9e9; border-style: solid; border-color: #000000;"><span style="color: #000000;">s. Email</span></td>
</tr>
<tr style="height: 53px;">
<td style="width: 33.3148%; background-color: #e3dcdc; height: 53px; border-style: solid; border-color: #000000;"><del><span style="color: #000000;">Sa. 18.4 14:00-15:30</span></del></td>
<td style="width: 16.6852%; background-color: #e3dcdc; height: 53px; border-style: solid; border-color: #000000;"><del><span style="color: #000000;">Firebirds Sondertraining</span></del></td>
<td style="width: 15%; background-color: #e3dcdc; height: 53px; border-style: solid; border-color: #000000;"></td>
<td style="width: 29.3104%; background-color: #e3dcdc; height: 53px; border-style: solid; border-color: #000000;"><del><span style="color: #000000;">s. Email</span></del></td>
</tr>
<tr>
<td style="width: 33.3148%; background-color: #e9e9e9; border-style: solid; border-color: #000000;"><span style="color: #000000;"> </span></td>
<td style="width: 16.6852%; background-color: #e9e9e9; border-style: solid; border-color: #000000;"><span style="color: #000000;"> </span></td>
<td style="width: 15%; background-color: #e9e9e9; border-style: solid; border-color: #000000;"></td>
<td style="width: 29.3104%; background-color: #e9e9e9; border-style: solid; border-color: #000000;"><span style="color: #000000;"> </span></td>
</tr>
<tr style="height: 26px;">
<td style="width: 33.3148%; height: 26px; border-style: solid; border-color: #000000; background-color: #e3dcdc;"><span style="color: #000000;">Sa. 16.5.26 11:00-13:00</span></td>
<td style="width: 16.6852%; height: 26px; border-style: solid; border-color: #000000; background-color: #e3dcdc;"><span style="color: #000000;">ITO Gürtelprüfung für Firebirds und Panthers</span></td>
<td style="width: 15%; height: 26px; border-style: solid; border-color: #000000; background-color: #e3dcdc;"><span style="color: #000000;">Turnhalle Sulzemoos</span></td>
<td style="width: 29.3104%; height: 26px; border-style: solid; border-color: #000000; background-color: #e3dcdc;">&#8211;</td>
</tr>
<tr style="height: 53px;">
<td style="width: 33.3148%; background-color: #e9e9e9; height: 53px; border-style: solid; border-color: #000000;"><span style="color: #000000;">Sa. 16.5.26 15:00-17:30</span></td>
<td style="width: 16.6852%; background-color: #e9e9e9; height: 53px; border-style: solid; border-color: #000000;"><span style="color: #000000;">ITO Dan-Vorbereitungsseminar</span></td>
<td style="width: 15%; background-color: #e9e9e9; height: 53px; border-style: solid; border-color: #000000;"><span style="color: #000000;">Dojan Sulzemoos</span></td>
<td style="width: 29.3104%; background-color: #e9e9e9; height: 53px; border-style: solid; border-color: #000000;">&#8211;</td>
</tr>
<tr style="height: 79px;">
<td style="width: 33.3148%; height: 79px; border-style: solid; border-color: #000000; background-color: #e3dcdc;"><span style="color: #000000;">Sa.23.5.26</span></td>
<td style="width: 16.6852%; height: 79px; border-style: solid; border-color: #000000; background-color: #e3dcdc;"><span style="color: #000000;">Westfalencup</span></td>
<td style="width: 15%; height: 79px; border-style: solid; border-color: #000000; background-color: #e3dcdc;"><span style="color: #000000;">Saerbeck (Nördl.von Münster)</span></td>
<td style="width: 29.3104%; height: 79px; border-style: solid; border-color: #000000; background-color: #e3dcdc;"></td>
</tr>
<tr style="height: 51px;">
<td style="width: 33.3148%; height: 16px; background-color: #e9e9e9; border-style: solid; border-color: #000000;"><span style="color: #000000;">Sa. 20.6.26</span></td>
<td style="width: 16.6852%; height: 16px; background-color: #e9e9e9; border-style: solid; border-color: #000000;"><span style="color: #000000;">Dan- und Kup-Prüfung</span></td>
<td style="width: 15%; height: 16px; background-color: #e9e9e9; border-style: solid; border-color: #000000;"><span style="color: #000000;">Diemelstadt</span></td>
<td style="width: 29.3104%; height: 16px; background-color: #e9e9e9; border-style: solid; border-color: #000000;">&#8211;</td>
</tr>
<tr style="height: 53px;">
<td style="width: 33.3148%; height: 79px; border-style: solid; border-color: #000000; background-color: #e3dcdc;"><span style="color: #000000;">Do. 30.7.26</span></td>
<td style="width: 16.6852%; height: 79px; border-style: solid; border-color: #000000; background-color: #e3dcdc;"><span style="color: #000000;">RedTigers Gürtelprüfung</span></td>
<td style="width: 15%; height: 79px; border-style: solid; border-color: #000000; background-color: #e3dcdc;"><span style="color: #000000;">Dojan</span></td>
<td style="width: 29.3104%; height: 79px; border-style: solid; border-color: #000000; background-color: #e3dcdc;">&#8211;</td>
</tr>
<tr style="height: 26px;">
<td style="width: 33.3148%; background-color: #e9e9e9; height: 26px; border-style: solid; border-color: #000000;"><span style="color: #000000;">Sa. 26.9.26</span></td>
<td style="width: 16.6852%; background-color: #e9e9e9; height: 26px; border-style: solid; border-color: #000000;"><span style="color: #000000;">ITO German Trophy </span></td>
<td style="width: 15%; background-color: #e9e9e9; height: 26px; border-style: solid; border-color: #000000;"><span style="color: #000000;">Marsberg</span></td>
<td style="width: 29.3104%; background-color: #e9e9e9; height: 26px; border-style: solid; border-color: #000000;"><span style="color: #000000;">(Infos folgen)</span></td>
</tr>
<tr style="height: 26px;">
<td style="width: 33.3148%; height: 26px; border-style: solid; border-color: #000000; background-color: #e3dcdc;"><span style="color: #000000;">Sa. 5.12.26</span></td>
<td style="width: 16.6852%; height: 26px; border-style: solid; border-color: #000000; background-color: #e3dcdc;"><span style="color: #000000;">Kup- und Dan-Prüfung </span></td>
<td style="width: 15%; height: 26px; border-style: solid; border-color: #000000; background-color: #e3dcdc;"><span style="color: #000000;">Diemelstadt</span></td>
<td style="width: 29.3104%; height: 26px; border-style: solid; border-color: #000000; background-color: #e3dcdc;">&#8211;</td>
</tr>
</tbody>
</table>
<p>&nbsp;</p>
<p>&nbsp;</p>
<p><!-- ------------------------------------------------------ --><br />
<!--Seitenende-------------------------------------------><br />
<!-- ------------------------------------------------------ --></p>
